
-10
(-4 - (-7 + 0) - 7) + (-10 - -9)
-5
-1 + ((3 - 0) + 8 - 18)
-8
Calculate -4 + 0 - ((-11 - (18 + -13)) + 19).
-7
Calculate 5 - -3 - (-37 + (15 - -31)).
-1
Calculate (18 - 1) + 136 + -130.
23
What is the value of 961 + -971 + -11 + 1?
-20
What is the value of 6 - (9 + (-12 - (4 - 2)) - -4)?
7
Evaluate -1 + 14 + (-92 - -79).
0
What is the value of 120 + -103 + 0 + -15?
2
(14 - (0 - -7)) + (8 - (12 - 18))
21
Evaluate 26 + 13 + -17 - (6 + -5).
21
Evaluate 26 + 0 + -13 + (-7 - 11).
-5
Evaluate -9 + 3 + 19 - (-5 + (9 - 1)).
10
Calculate (4 - (9 - 7)) + (9 - -6).
17
What is the value of (-9 + 0 - 1) + 10 + -6?
-6
Evaluate -10 + (-12 - (-12 - 6) - -15).
11
What is -9 + (5 + -13 - -14) + 4 - 13?
-12
What is the value of -19 + -4 + 16 + 3?
-4
Calculate -2 - (-22 + (23 - 12)) - 28.
-19
Calculate 100 + -118 + 1 + 10.
-7
What is 2 - 2 - (-25 + 21)?
4
What is 1 - 7 - (-1 - ((8 - 19) + 43))?
27
What is the value of 17 + (-19 - (-12 - -13)) - (2 + -1)?
-4
28 + -31 + 17 + 9
23
Calculate 32 - (1 + -10 + -2 - (261 - 272)).
32
41 - 29 - (16 + -5)
1
-11 - (-19 + (-13 - -14))
7
19 - (-9 - (0 + 1 - 10))
19
What is the value of 9 + (-4 + 8 - 3) + 4?
14
What is -3 - ((3 - (8 - 0)) + 21 - -4)?
-23
-2 + (-6 + 7 + -5 - 3)
-9
Calculate (2 - 4) + (0 - 1) + (796 - 800).
-7
-9 + -6 + (25 - 10) - (12 + -4)
-8
Evaluate -10 + 21 + -8 + (-8 - 1).
-6
What is (2 - 3 - -6) + -6 + 7 - -4?
10
Evaluate (1 - 1) + -7 + -3 + (17 - 16).
-9
Calculate -3 - (-2 + -2 + -2 + 0 - 5).
8
What is 1 + -5 - -8 - 8 - (-12 + -2)?
10
Evaluate -22 - -3 - (337 - 322).
-34
What is -12 - (-1 - (1 + 17 + -8))?
-1
Calculate -4 - (-13 + 3 + -3 + 6 - 10).
13
Calculate -16 - 0 - -26 - (41 + -2).
-29
What is the value of (-7 - -8) + -4 - (6 + -7)?
-2
Calculate 3 - (21 - 4) - (-11 + (2 - -6)).
-11
What is (3 - 3) + 3 - (11 - (9 + 0))?
1
What is -27 + -18 + 19 - -11?
-15
2 - -4 - -9 - (-21 - -41)
-5
What is -24 + 17 - 3 - -9?
-1
Calculate -8 + 1 + 1 + (0 - (-3 + 0)).
-3
What is the value of (-11 - -5) + (3 - (-6 - -2))?
1
Calculate -2 + (-11 - (8 + -8)) + -8.
-21
What is the value of (13 - 6) + -4 + -19 + -3?
-19
Evaluate -171 - -142 - (-15 - -2).
-16
What is the value of 21 - 4 - (39 - (13 + 13))?
4
What is the value of (-76 - -97) + -37 + -3?
-19
What is -6 + -47 + 89 - 40?
-4
Evaluate 5 + -8 - (-10 + 33 + -9).
-17
What is the value of 13 + 0 + -42 + 33 + -6?
-2
What is (-1 - 1) + (-1 - (-15 + 9)) + -11?
-8
0 + -29 - (-4 + 7 + -34 + 37)
-35
(2 - 0 - 3) + -595 + 579
-17
Evaluate -15 + 9 - (-1 - -7 - 25).
13
Calculate 18 + (33 - ((1 - 1) + 15)).
36
-8 + -28 + (10 - -6)
-20
Calculate 1 + -1 + (-2 - -14) - (832 - 830).
10
Calculate 10 + (-8 - 2) - -3.
3
What is -21 + 29 + -32 + 39?
15
What is the value of (26 - (7 - -15)) + -1 + -19 + 0?
-16
Calculate -4 - 10 - (9 - 25).
2
What is the value of (11 - (-9 - 2 - -9)) + 6?
19
What is 0 + -5 - (6 + -17 + 17)?
-11
What is the value of 13 + -14 + (5 - 0)?
4
2 - 4 - -12 - (2 - -1) - 11
-4
-6 - (4 + (14 + -11 - (-1 + 7)))
-7
Evaluate 15 + -6 + -9 + -2 + -2 - 0.
-4
What is -1 - -24 - (1021 - 1006)?
8
Calculate 12 + (-17 - (6 - 25)) + -12.
2
What is 7 + -20 + 27 + -11 + -7?
-4
What is the value of -7 + (-19 - -17 - ((4 - 6) + 4))?
-11
What is the value of (1 - -1 - -2) + (-5 - 2 - -6)?
3
Calculate (-272 - -280) + 1 + -8.
1
-3 + (-14 - 2) + 4 + 2 + -12
-25
Calculate (-19 - -35 - 15) + (-8 - -2).
-5
Evaluate 11 + (-1 - -10 - (136 + -115)).
-1
What is (-2 - 0) + 8 + -15 + 10 + -2?
-1
What is 8 + 55 - 56 - (-10 - 0 - -1)?
16
What is the value of -1 + -8 - ((2 - 10) + 86 + -86)?
-1
2 - -1 - (23 + (35 - 18 - 34))
-3
What is -2970 + 2962 - (-8 - (-2 + 2))?
0
(0 - 2) + (-38 - (8 + -20) - -7)
-21
Calculate -111 - -100 - (-1 + 6 + (6 - 8)).
-14
What is (5 - 11) + (15 - 6) + 0 + 5?
8
Evaluate (-11 + (4 - (0 + -3)) - -5) + 11.
12
What is -5 - (14 - (11 + -10 - -8))?
-10
What is the value of 11 + -13 + 4 + 8?
10
What is 15 + (1 + 0 - (120 + -110))?
6
What is -4 + 1 - 4 - -5 - -14 - -6?
18
What is the value of -24 + (5 - (-7 + -2))?
-10
What is -8 - (-7 + -7) - (1 + 1)?
4
Calculate -11 + (2 - 1) + -716 + 738.
12
Evaluate 42 - 31 - -5 - (2 + 0 - -1).
13
Evaluate 15 + -1 - (-2 - -15 - 7) - 33.
-25
Calculate 13 + 1 - (29 - -9 - 27).
3
(3 - 6 - -11 - 14 - -13) + 7
14
What is -7 - (2 + -8 + -2 + 11)?
-10
Calculate -18 + -1 + (2 - (-8 - -13) - -4).
-18
Calculate (4 + -21 - -23) + (0 - -4).
10
Evaluate (6 + 0 - 3) + -5 + 4 + 2.
4
What is -2 - (-3 - (-1 - 1) - -4) - -8?
3
What is the value of -1 + 7 + -2 + -4?
0
Calculate (16 - 2) + -15 + (18 - 36).
-19
Calculate -2 + -12 + 82 + -78 + -6.
-16
Evaluate 7 - 0 - 10 - (-9 - (8 - 9)).
5
Evaluate ((-4 - 0) + -4 - -10) + (-5 - -2).
-1
Evaluate 4 + 4 + (0 - (5 + -3)) + 6.
12
48 - 1 - (-35 - -64)
18
Evaluate -11 - ((30 - 10) + -39) - (0 - 19).
27
What is -44 - (-28 + -30) - (-1 + -5)?
20
Evaluate 11 + -4 + -25 - -39.
21
-1 + (5 - 4) + (12 + -12 - -17)
17
What is 5 + -3 + -4 + (3 - -5)?
6
Calculate 5 + -3 + (22 - 12).
12
-10 - (1 + -15 + 4)
0
Calculate 16 + (-4 - -4) + 3 + -5.
14
What is the value of 0 + 0 + -3 + (-18 - 21) + 39?
-3
What is the value of -15 + (17 - -4) + -8?
-2
What is (10 - (-6 - -26 - 1 - -10)) + 8?
-11
14 - (22 - (-13 + 40))
19
Calculate (132 - 135) + (0 - -7).
4
15 + (-27 - 7 - -12)
-7
Evaluate -4 - (11 - 21 - -5).
1
What is the value of -13 + 11 + -1 + -2?
-5
Calculate 5 + -10 + 0 + (5 - 1) + -4.
-5
Evaluate 6 + -5 + 6 + 7 + -19.
-5
-9 + 9 + (-62 - -30)
-32
Evaluate 8 + (5 - 3) + 354 + -391.
-27
Calculate (-5 + (9 - 15) - 3) + 9.
-5
What is the value of 65 - (75 + -35 + -4)?
29
Calculate (2 - 29) + 4 + 25.
2
Evaluate (7 - (-1 - 0 - -7)) + 4 + 1.
6
(19 - 11) + 0 + 1 - (18 - -1)
-10
40 + 11 + (37 - 34) + -23 + 1
32
(-3 - -13) + (-1 - (-7 + (-2 - -6)))
12
Evaluate (3 - -11) + -96 + 74.
-8
Evaluate -15 + 42 + 5 + -7 + 7 + -6.
26
Calculate -29 - (-5 + 1 - -5 - 11).
-19
Evaluate (-18 - -11) + -2 + 4.
-5
What is the value of 31 - 29 - 4 - (-2 - -1 - -2)?
-3
Evaluate (11 + 5 - (5 + 3 + 3)) + -31.
-26
Calculate (-156 - -160) + -9 + 1.
-4
Evaluate 15 + -16 + -8 + 11 + -3.
-1
Evaluate -2 - (-9 + 3) - 3 - (-2 - 4).
7
What is the value of (2 - (-19 - -30)) + 24?
15
35 + -30 + -5 + 10 + -8
2
-5 - 4 - (37 - 38)
-8
Evaluate 6 + -21 - (17 + -5 + -22).
-5
What is the value of -23 - -14 - (-2 + -9) - -5?
7
Evaluate -13 - (0 + -7 + (-1 - 1)).
-4
Calculate 11 + 1 - (11 - -15).
-14
2 + 11 + -14 + 16
15
What is the value of -1 + 15 - 11 - (0 + 27)?
-24
Evaluate (-14 + (49 - 30) - 1) + (-39 - 1).
-36
What is 4 - ((-25 - -45) + -8)?
-8
Calculate -4 + -1 + 18 + -58 + 63.
18
What is the value of -13 + -7 + 10 + 43 + -11?
22
What is 18 - 12 - (4 + -8) - -9?
19
Calculate 13 + (-20 + 28 - -1).
22
What is the value of 8 - (38 + -11 + -16)?
-3
Calculate (29 - (12 + -7)) + (-1 - 8).
15
16 + -6 + 14 - 9
15
What is (9 - -2) + -45 + 43?
9
Evaluate -7 + (1 + -12 + 0 - (-107 + 100)).
-11
6 - (-1 + -1 + 11 - -2)
-5
Evaluate -11 + 16 + (0 + -1 - (2 + -5)).
7
Evaluate (-2 + 5 + 5 - 4) + -7 + 20.
17
What is the value of (-1 - 0 - 8) + -663 + 661?
-11
What is the value of 9 + (-4 - (-9 - -15))?
-1
What is the value of 4 - -11 - (6 + 4 + -8)?
13
-8 + (-2 + 4 + -12 - (70 + -72))
-16
What is (25 - (5 - -16)) + (-1 - 8)?
-5
What is the value of (-23 - -8) + 27 - (5 + (-3 - -4))?
6
Calculate (-115 - -118) + 1 + -15 + -1.
-12
(-4 - -1) + (-10 + 12 - -1)
0
-6 - -2 - (-87 - -88)
-5
(-7 - 0) + (14 - 22 - 3)
-18
What is -6 - (4 + 1 + (-3 + 2 - -2))?
-12
What is 21 + (29 + -26 - (1 - -2)) - 5?
16
What is the value of 26 - 23 - (-2 - (14 + -6))?
13
Evaluate 13 + (-15 - -22) - (2 + -6 + 3).
21
Evaluate (-66 - -87) + -11 - (-18 - 1).
29
Calculate -4 - -11 - (1 - (-18 - -5)) - 1.
-8
What is the value of -24 + 12 + 11 - (2 + (8 - 0))?
-11
Calculate -3 - (128 - 120 - (4 + 0)) - -35.
28
What is the value of (-9 - -26) + (6 - 21)?
2
Evaluate (0 - (0 + 1)) + (-8 - (-3 + 6)).
-12
What is -24 + (4 - 3) + (-3 - (46 + -40))?
-32
Evaluate 22 + -63 + (65 - -3).
27
(22 - (103 + -42)) + 75
36
What is 33 - (9 - (-26 - -18))?
16
0 - 0 - 1 - ((24 - 15) + 2)
-12
(15 - (17 - -12)) + -10 + (-2 - 2)
-28
Evaluate 0 + -2 - -6 - 6 - (-6 + 2).
2
What is -30 + -21 + 17 + 12?
-22
What is the value of 38 + 5 + -7 + -8 - -13?
41
Evaluate 18 + (18 + -19 - 7).
10
What is the value of 23 - 0 - 11 - 13?
-1
Calculate